
In base 14, what is 4ddd + 4638?
9637
In base 7, what is 22205115 - 2?
22205113
In base 16, what is 5a905 - -3b?
5a940
In base 16, what is -1159 - -df?
-107a
In base 9, what is -8706682 - -1?
-8706681
In base 3, what is -10010100022 + 1110212?
-10001212110
In base 12, what is 1281b96 + -29?
1281b69
In base 9, what is -2745 - 11676?
-14532
In base 12, what is 2872 + -2252?
620
In base 15, what is -10b + -70d85?
-70e91
In base 5, what is 3 + 2221142344?
2221142402
In base 10, what is 226975 - 19?
226956
In base 14, what is 9 - 6714c?
-67143
In base 4, what is -1122 + -10012122100?
-10012123222
In base 11, what is 26 + -37384?
-37359
In base 9, what is -130071540 - -2?
-130071537
In base 11, what is -89 + -4a500?
-4a589
In base 13, what is -b58876 - -1?
-b58875
In base 8, what is 341734 - 3132?
336602
In base 12, what is -9 + -751a251?
-751a25a
In base 13, what is -108105c + -8?
-1081067
In base 2, what is 101 + -11101010000010001011?
-11101010000010000110
In base 16, what is 68 - dc156?
-dc0ee
In base 2, what is -1010011010000 + -10110001010110?
-100000100100110
In base 11, what is -1200799a - 3?
-120079a2
In base 14, what is -2c - 6d16a6?
-6d16d4
In base 5, what is -11 + -1303041002?
-1303041013
In base 2, what is -110111110101110001110 + 1?
-110111110101110001101
In base 12, what is -9856 - 15683?
-23319
In base 10, what is -64 + 393265?
393201
In base 7, what is 3 + -3501431505?
-3501431502
In base 12, what is 2101 + 7175?
9276
In base 13, what is a89c + caa?
b879
In base 10, what is 3 + -3199187?
-3199184
In base 3, what is 2001120202210 + 1121?
2001120211101
In base 16, what is -2e + -1775a6?
-1775d4
In base 2, what is 10111111 + 1000111100110010110110?
1000111100110101110101
In base 10, what is 61184 - -54?
61238
In base 9, what is 1 + 114187244?
114187245
In base 10, what is -473351 + 129?
-473222
In base 8, what is 3 - -40032124?
40032127
In base 6, what is 5 - -50310451211?
50310451220
In base 8, what is -7 + 2400717?
2400710
In base 3, what is 112101 + 22011111?
22200212
In base 15, what is -ccc - -446d?
3691
In base 6, what is -143054051 - 10?
-143054101
In base 7, what is 15 - -32146255?
32146303
In base 10, what is 4 + 2130139?
2130143
In base 7, what is -54 - 5330544?
-5330631
In base 7, what is 2651201163 - -2?
2651201165
In base 11, what is -178 + 443aa2?
443925
In base 11, what is -33a - -150309?
14aa7a
In base 6, what is -215530 + 1123?
-214403
In base 9, what is -18042717 + 1?
-18042716
In base 3, what is -100112120111 + -22221?
-100112220102
In base 13, what is -2596460 - -5?
-2596458
In base 3, what is -2022122 - 1121010?
-10220202
In base 3, what is 11 + -202001211202202?
-202001211202121
In base 2, what is 111101000111110100100 - 101101?
111101000111101110111
In base 8, what is 4 + 631052233?
631052237
In base 3, what is 10 + 221202112211?
221202112221
In base 12, what is -2447a47 - 35?
-2447a80
In base 2, what is -10100000 - 100101100001100110?
-100101100100000110
In base 12, what is 1a - 537630?
-537612
In base 16, what is 29ffd8c - -4?
29ffd90
In base 2, what is -10001 + 1111001000001100110110010?
1111001000001100110100001
In base 16, what is 92a + 43785?
440af
In base 8, what is 405220 - 5030?
400170
In base 15, what is -b4c6 + a0?
-b426
In base 8, what is -236374 + -636?
-237232
In base 6, what is -50140111 - 2?
-50140113
In base 13, what is 2 + -6008a8?
-6008a6
In base 12, what is 2 + -5b7355?
-5b7353
In base 3, what is -22201 + 102002111200101?
102002111100200
In base 5, what is 104032 + 2030?
111112
In base 16, what is -13ef0 + 2f53?
-10f9d
In base 5, what is 4130122001 + 1?
4130122002
In base 14, what is -599 - -54dd?
4d44
In base 12, what is -136 - 1aaa93?
-1ab009
In base 6, what is 141 - 244441250?
-244441105
In base 13, what is -37018a - 15?
-3701a2
In base 7, what is -100 - 151535620?
-151536020
In base 2, what is -10001010111010011111111111 - 0?
-10001010111010011111111111
In base 6, what is 25433 + 22555?
52432
In base 5, what is -22343344 + -114?
-22344013
In base 8, what is 53712077 + 17?
53712116
In base 9, what is -44400 + -4110?
-48510
In base 11, what is 98768 + 606?
99273
In base 11, what is -432a + 535?
-38a5
In base 12, what is -169ab + 1a99?
-14b12
In base 15, what is 16449d0 + 6?
16449d6
In base 16, what is 68e - -11e9d?
1252b
In base 7, what is 3 - 512542166?
-512542163
In base 5, what is -313011023 - -1341?
-313004132
In base 4, what is -20010 - 3102322220?
-3103002230
In base 7, what is 21 + -12065333?
-12065312
In base 14, what is 8 - -79819?
79823
In base 9, what is -1 + -265084354?
-265084355
In base 6, what is 1045044 - 25040?
1020004
In base 2, what is -10 - -101100101000110110?
101100101000110100
In base 2, what is 11101010000100101100001 - 10?
11101010000100101011111
In base 15, what is 1b0185 - 8?
1b017c
In base 4, what is 303 + 1203130213?
1203131122
In base 2, what is 101000 - 100110011001011011001?
-100110011001010110001
In base 9, what is -831 + -1152?
-2083
In base 5, what is -114212024 + -42?
-114212121
In base 12, what is 10 - 116b9b?
-116b8b
In base 6, what is -23034 - 150503?
-213541
In base 8, what is -1713 + 15734?
14021
In base 11, what is -9108 - -5a0?
-8618
In base 8, what is -1526 - 1236721?
-1240447
In base 10, what is -4850 + 1058?
-3792
In base 9, what is 2 - 577441?
-577438
In base 9, what is -30741261 - -2?
-30741258
In base 7, what is 1030 + 264630?
265660
In base 7, what is 2 + 545331264?
545331266
In base 4, what is -103321202112323 - -11?
-103321202112312
In base 14, what is -1560d8 + -5?
-1560dd
In base 8, what is 3 - -20173541?
20173544
In base 6, what is 4 - -1202104331?
1202104335
In base 15, what is -1 - 257a949?
-257a94a
In base 4, what is 2032201003 - -1133?
2032202202
In base 14, what is -4839 + acca?
6491
In base 3, what is -101 - 10020202101121?
-10020202101222
In base 15, what is 9 + 1295e28?
1295e32
In base 8, what is -3 + -1026461021?
-1026461024
In base 7, what is -503523222 + -3?
-503523225
In base 9, what is -528 + 383154?
382525
In base 13, what is -770 + 7511?
6a71
In base 2, what is -110011010101011011101 - -1101?
-110011010101011010000
In base 5, what is 323223 - 240141?
33032
In base 16, what is -ea3a + -a0b?
-f445
In base 6, what is -14 + 112031342?
112031324
In base 13, what is c6a + 3119?
4086
In base 8, what is -155053 - 203?
-155256
In base 15, what is -1c1 - 9705b?
-9722c
In base 7, what is 5151103 + -115?
5150655
In base 16, what is 1b06 + 13e?
1c44
In base 6, what is -1350 + -105531?
-111321
In base 2, what is -11001001000 - 1101001110101?
-10000010111101
In base 7, what is 14550 + -62053?
-44203
In base 10, what is -1 + 3155489?
3155488
In base 10, what is 5823 - 1805?
4018
In base 15, what is 1a1 - 221a7?
-22006
In base 9, what is 22344356 + -3?
22344353
In base 15, what is -2acda065 + -4?
-2acda069
In base 14, what is -ca - -133bc?
132d2
In base 14, what is -7ab89 + 2?
-7ab87
In base 9, what is -8 - 17137851?
-17137860
In base 5, what is -24141 + 42312032?
42232341
In base 16, what is 1dddc3 + 5?
1dddc8
In base 9, what is -1272012 - -285?
-1271616
In base 16, what is -11839 + 31?
-11808
In base 15, what is -75 - 51?
-c6
In base 2, what is -100111100 - 1001011101100100?
-1001100010100000
In base 16, what is -15461 - 769?
-15bca
In base 7, what is 1036214536 - 3?
1036214533
In base 7, what is -23222661 - -16?
-23222642
In base 7, what is 456266 - -20553?
510152
In base 13, what is 12 - 10931?
-1091c
In base 10, what is 5060617 + 22?
5060639
In base 14, what is -43 - 2b11ab?
-2b1210
In base 3, what is 21201021120100 - -10?
21201021120110
In base 15, what is b3d7 - ad8?
a7ee
In base 14, what is 1aa1 + b080?
cb41
In base 3, what is 1 + -100212011112222?
-100212011112221
In base 6, what is 53022 + -11331?
41251
In base 15, what is da3 - 2975?
-1ac2
In base 5, what is 13231131144 + 104?
13231131303
In base 3, what is 2 + 222111212121?
222111212200
In base 3, what is -122 + 2010102121101?
2010102120202
In base 3, what is -1210221210012 - 1112?
-1210221211201
In base 3, what is -222020 - -2210201210?
2202202120
In base 3, what is -202012 + 2111020?
1202001
In base 6, what is -35 + -1120314144?
-1120314223
In base 13, what is 116 + 7051bc?
705305
In base 9, what is -1752 - 282187?
-284050
In base 3, what is 1202010 + 12212120022?
12221